 -280 + n. What is the units digit of l?
4
Suppose 3*q + 3*h - 687 = 0, 131 = q - 3*h - 118. Suppose -q = -7*w - 2*w. What is the units digit of w - 0 - (-2 - -6)?
2
Suppose -4*x - x = 0, -m + 3*x = -4205. Suppose -3*r - 2*i - 1716 = -m, -5*r - 4*i + 4147 = 0. What is the tens digit of r?
3
Suppose 0 = -5*t - 1029 + 359. Let l = t + 256. What is the hundreds digit of l?
1
Suppose -2999 = -9*q + 1690. Suppose -w + 5*f = 2*w - 1531, 0 = -w - f + q. Suppose -m - w = -4*u, u + 3*m = m + 118. What is the hundreds digit of u?
1
Suppose -13*r + 12*r - 7748 = -3*n, -2*r + 2571 = n. Suppose -w = q - 1830, -5*q + 6561 = w - n. What is the hundreds digit of q?
8
Let m be 23 + 0 + -14 + 6. Suppose -m*f + 11360 = 5*f. What is the tens digit of f?
6
Let i be -1 + 3/(-7) + 31/7. Suppose -3*y + w = -i, -y = -0*w - w + 1. Suppose 0 = -d + 4*d, 0 = -y*o - 2*d + 92. What is the tens digit of o?
4
Suppose 5023 + 13877 = -21*s. Let m = -800 - s. What is the hundreds digit of m?
1
Suppose 3*o + 1020 = -o - r, 3*o - 5*r = -765. Let j = o + 32. What is the units digit of (j/(-2))/((-4)/(-8))?
3
Suppose 70*x - 126648 - 1182021 = 94761. What is the tens digit of x?
4
Let v(o) = o**3 + 10*o**2 + 1. Let a be v(-10). Let q be -14 + 8/(-4)*a. What is the hundreds digit of q/(-40) + 4059/15?
2
Let n(r) = 8*r**3 - 3*r**2 + 3*r - 2. Let k be n(1). Suppose -3*c - k*m + 887 = -4*m, -3*m = 2*c - 583. What is the hundreds digit of c?
2
Suppose -23356 = -3*y + 2*p + 63678, 3*p = 4*y - 116048. What is the units digit of y?
6
Let w be (1 - 2)*268/(-4). Let u = -63 + w. Suppose 2*g + u + 76 = 4*j, -67 = -3*j - 2*g. What is the units digit of j?
1
Let z(a) = 11*a**2 + 583*a - 57. What is the tens digit of z(-54)?
3
Let m = 3753 + 4454. What is the tens digit of m?
0
Let c(a) = -125*a + 8 - 13*a - 4*a. Let l = -2 - -1. What is the hundreds digit of c(l)?
1
Let w(i) = 110*i - 445. Let u be w(23). Suppose 3*d = -4*f + u, 4*d = -19*f + 24*f + 2811. What is the hundreds digit of d?
6
Suppose 4*v - 11 = i, -3*i = -7*v + 6*v + 11. Suppose v*x - 2111 = 3*a + 1542, -3*a + 7261 = 4*x. What is the thousands digit of x?
1
Let x = -500 + 241. Let j = x - -748. What is the units digit of j?
9
What is the units digit of (1 + 3)*219758/56?
7
Let h(b) = b**3 + 7*b**2 - 24*b - 1. Let o be h(-11). Let d = o - -296. What is the units digit of d?
5
Let h(l) = -108*l - 35. Let b be -18*(4/(-32))/(4/(-16)). What is the units digit of h(b)?
7
Suppose -4*c - j + 1533 = 0, 9 + 6 = 3*j. Suppose 5*p - 3542 = -c. What is the hundreds digit of p?
6
What is the ten thousands digit of 291263/28 - (7/4)/7?
1
Suppose 56*h + 66 = 45*h. What is the units digit of (5 - -1377) + h/(-6)?
3
Suppose -4*x = 15*m - 10*m - 37984, -37975 = -5*m + 5*x. What is the thousands digit of m?
7
Let c = 70 - 72. Let z(n) = -11*n**2 - 3*n - 6. Let l be z(c). Let q = 51 - l. What is the units digit of q?
5
Let k(r) be the second derivative of r**4/12 - 7*r**3/2 + 63*r**2/2 + 2*r. Let w be k(18). Suppose -w*z - z + 610 = 0. What is the tens digit of z?
6
Let c(o) be the first derivative of -83*o**4/24 - o**3 - 3*o**2/2 - 26. Let f(v) be the second derivative of c(v). What is the tens digit of f(-2)?
6
Let b(j) = 21 + 12*j - j**2 + 0*j**2 + 3*j**2. Let g be b(-16). Suppose 2*f - o = g, -f - 4*o + 9 = -148. What is the tens digit of f?
6
Suppose 20*t - 73440 = -4*t. Suppose 382*h + t = 387*h. What is the tens digit of h?
1
Suppose -285*o = -290*o + 2*w + 19982, -5*o + w + 19981 = 0. What is the tens digit of o?
9
Suppose -s - 174995 = -5*n, -2*n + 5*s = -106347 + 36326. What is the hundreds digit of n?
9
Let l(a) = a**3 - 9*a**2 - 11*a + 5. Let q be l(10). What is the hundreds digit of ((-284)/q)/((18/(-45))/(-1))?
1
Suppose 2*v - 310 - 1024 = 0. Suppose -2*t = -4*l - 0*l + 1322, t = -2*l + v. What is the hundreds digit of l?
3
What is the ten thousands digit of ((-63212)/(-2))/(152/228)?
4
Suppose 216 = -q + 2*q. Suppose 17*g = -g - q. Let l(b) = -22*b - 33. What is the tens digit of l(g)?
3
Let n be (415/10)/((-5)/(-300)). Suppose -x = -j - 530 + 40, 5*x = -3*j + n. Suppose 2*q = 7*q - x. What is the tens digit of q?
9
Suppose 3*a = -5*n + 43893, 5*a - 70143 = 4*n + 2975. What is the hundreds digit of (1 - a/(-38)) + (-340)/(-3230)?
3
What is the thousands digit of 17919840/570 + 24/(-76)?
1
Let o(q) = 58*q**3 + 17*q**2 - 32*q - 8. What is the thousands digit of o(5)?
7
Let n = -74 - -78. Suppose 3*c - 2*c - 3*f = 147, 0 = n*f + 20. Suppose 3*h + 188 = 3*s + h, -2*s + c = -3*h. What is the tens digit of s?
6
Let k = 28536 - 19513. What is the hundreds digit of k?
0
Suppose 3*y - 8 = -4*x + y, 4*y = 3*x - 17. Suppose -b + 28 = x*b. Let s = 83 - b. What is the units digit of s?
6
Suppose 0 = -3*z + 7*z + 356. Let a = 34 + 90. Let k = a + z. What is the units digit of k?
5
Let t = 4 + 9. Let k(c) = 352*c - 2478. Let l be k(7). What is the units digit of (135/10)/(t/l - -1)?
9
Let h = -9 - -16. Let z = -9 + h. What is the units digit of (6328/(-104) - z/(-13))*-1?
1
Let j = -6514 - -6643. What is the units digit of j?
9
Let o(z) = -26*z + 20*z - 1 - 1 - 131*z. Suppose 0 = 4*c - 2*l + 2, 3*c + 2*l = c - 4. What is the hundreds digit of o(c)?
1
Suppose 2*c - 10 = 8. Let j = 60 + 30. Suppose j = c*u - 90. What is the units digit of u?
0
Let s = 9763 - -10841. What is the units digit of s?
4
Let o(p) be the first derivative of 13*p**3/3 + 3*p**2/2 - 6*p - 10. Let w be o(2). Let u = -22 + w. What is the tens digit of u?
3
Suppose w + j = 10238, 0 = 21*j - 14*j - 42. What is the hundreds digit of w?
2
Let v = -76025 + 159433. What is the units digit of v?
8
Let g(w) = 1850*w + 1029. What is the ten thousands digit of g(8)?
1
Let q(y) = y**2 + 2*y + 1. Let n be q(-6). Let h = n + -22. Suppose -4*o - 4*d = -2*o - 114, h*o + d = 146. What is the units digit of o?
7
Suppose 0 = 2*s, -3*s = -3*i + 39 + 12. Suppose 3*p + 1209 = -5*m, -4*p = -4*m + i - 965. Let h = m - -374. What is the units digit of h?
4
Let r = 53 + -63. Let k = 13 + r. Suppose -k*c = -9 - 30. What is the units digit of c?
3
Let z(k) = 8 + 2*k**2 + 4*k**2 - 6*k**2 - 3*k**2 - k. Let x(t) = 16*t**2 + 6*t - 39. Let q(b) = -2*x(b) - 11*z(b). What is the units digit of q(-5)?
0
Let h(y) = 3*y**2 - 27*y - 53. Let o be h(20). Suppose 2084 = 3*p - o. What is the units digit of p?
7
Suppose -k = -0*h - h + 45, 2*h + 2*k = 90. Suppose h*r + 1840 = 47*r. Suppose -8*x - r = -13*x. What is the units digit of x?
4
Suppose -37*r - 115*r + 2333960 = -457368. What is the units digit of r?
4
Let i(n) = 14*n**2 + 33*n - 15. Suppose -2*c - 40 = -5*q, -5*q + 5 = -5*c + 10*c. What is the hundreds digit of i(q)?
6
Let m = 277 - -185. Suppose 23*c = 16*c + m. What is the tens digit of c?
6
Let p = -5498 + 12738. What is the thousands digit of p?
7
Let l(n) = 82*n - 122. Let j = 214 + -207. What is the hundreds digit of l(j)?
4
Let c(b) = -54*b**3 + 7*b**2 + 8*b + 19. What is the hundreds digit of c(-3)?
5
Suppose 8*v - 23 = 137. Suppose 33408 = v*q + 7428. What is the tens digit of q?
9
Let j = 28555 - 192. What is the hundreds digit of j?
3
Let n(b) = -4*b**2 + 9*b**2 + 19 - 4*b**2 - 20. Suppose 4*a - 5 = 3*a. What is the units digit of n(a)?
4
Let u be 4/22 - 11325/275. Let f = 128 + u. What is the units digit of f?
7
What is the thousands digit of (-2)/6 + 10 + (-229863)/(-9) + 6?
5
Suppose 4 = 5*i - 5*c + 89, 0 = -5*i - 5*c - 135. Let p(b) = 3*b**2 + 2*b + 21. What is the tens digit of p(i)?
2
Suppose 2*j - 3*f = 4975, -60*f - 10 = -62*f. What is the hundreds digit of j?
4
Suppose 10*h - 7*h + 5*m - 26 = 0, -4*m + 48 = 4*h. What is the tens digit of (0 + -1281)/(-2 + (h - 16))?
8
Let w be 6 + ((-60)/(-6) - 8). Let c(j) = -j**3 + 13*j**2 - 6*j - 28. What is the hundreds digit of c(w)?
2
Let k = -73834 - -141120. What is the units digit of k?
6
Suppose 18*a = 23*a - 15. Suppose a*u + 144 = -2*l, -l + 194 = -4*u - 3*l. Let b = u - -124. What is the units digit of b?
4
Let i(z) = -622 - 638 - 6*z + 1275. Let u(o) = o - 3. Let k be u(-7). What is the units digit of i(k)?
5
Let n = -1899 + 2857. What is the units digit of n/3 + (30/(-9) - -5)?
1
Suppose -76*t + 18 = -74*t. Let f(x) = 45*x + 25. What is the tens digit of f(t)?
3
Let z(s) = -8*s**3 - 11 - 6 + 0*s**2 + 7*s**3 + 3*s**2. What is the hundreds digi